f 4329?
3
What is the tens digit of 7665?
6
What is the tens digit of 859?
5
What is the tens digit of 1290?
9
What is the tens digit of 167?
6
What is the units digit of 6545?
5
What is the units digit of 227?
7
What is the units digit of 2003?
3
What is the tens digit of 28698?
9
What is the units digit of 366?
6
What is the tens digit of 8972?
7
What is the tens digit of 176?
7
What is the hundreds digit of 5234?
2
What is the thousands digit of 49483?
9
What is the units digit of 3659?
9
What is the units digit of 2250?
0
What is the thousands digit of 3057?
3
What is the units digit of 5886?
6
What is the hundreds digit of 2844?
8
What is the hundreds digit of 12454?
4
What is the tens digit of 66404?
0
What is the ten thousands digit of 24841?
2
What is the hundreds digit of 686?
6
What is the hundreds digit of 1309?
3
What is the tens digit of 1100?
0
What is the units digit of 994?
4
What is the units digit of 883?
3
What is the units digit of 7?
7
What is the hundreds digit of 1741?
7
What is the units digit of 113?
3
What is the hundreds digit of 1248?
2
What is the units digit of 11300?
0
What is the hundreds digit of 2431?
4
What is the thousands digit of 26520?
6
What is the ten thousands digit of 17861?
1
What is the hundreds digit of 1005?
0
What is the tens digit of 743?
4
What is the units digit of 1588?
8
What is the thousands digit of 17761?
7
What is the tens digit of 75501?
0
What is the hundreds digit of 65561?
5
What is the thousands digit of 46063?
6
What is the thousands digit of 17847?
7
What is the ten thousands digit of 11035?
1
What is the tens digit of 9843?
4
What is the tens digit of 767?
6
What is the thousands digit of 59985?
9
What is the hundreds digit of 1260?
2
What is the hundreds digit of 112041?
0
What is the units digit of 103893?
3
What is the units digit of 901?
1
What is the thousands digit of 15881?
5
What is the hundreds digit of 49481?
4
What is the hundreds digit of 65172?
1
What is the tens digit of 858?
5
What is the ten thousands digit of 35455?
3
What is the thousands digit of 1018?
1
What is the hundreds digit of 1055?
0
What is the units digit of 758?
8
What is the tens digit of 842?
4
What is the tens digit of 864?
6
What is the thousands digit of 11661?
1
What is the units digit of 10297?
7
What is the hundreds digit of 2574?
5
What is the tens digit of 23?
2
What is the hundreds digit of 354?
3
What is the thousands digit of 1486?
1
What is the tens digit of 1857?
5
What is the tens digit of 1115?
1
What is the thousands digit of 6298?
6
What is the hundreds digit of 757?
7
What is the thousands digit of 11098?
1
What is the hundreds digit of 44516?
5
What is the tens digit of 9660?
6
What is the tens digit of 340?
4
What is the hundreds digit of 119?
1
What is the tens digit of 84?
8
What is the thousands digit of 5247?
5
What is the hundreds digit of 315?
3
What is the units digit of 39044?
4
What is the ten thousands digit of 46335?
4
What is the hundreds digit of 1330?
3
What is the tens digit of 1451?
5
What is the units digit of 290?
0
What is the thousands digit of 11560?
1
What is the tens digit of 5916?
1
What is the hundreds digit of 207?
2
What is the tens digit of 1613?
1
What is the ten thousands digit of 104720?
0
What is the hundreds digit of 5743?
7
What is the thousands digit of 79331?
9
What is the thousands digit of 64112?
4
What is the units digit of 6131?
1
What is the thousands digit of 1123?
1
What is the ten thousands digit of 15595?
1
What is the tens digit of 163371?
7
What is the units digit of 992?
2
What is the thousands digit of 3905?
3
What is the hundreds digit of 31846?
8
What is the units digit of 603?
3
What is the units digit of 143991?
1
What is the tens digit of 65964?
6
What is the hundreds digit of 37206?
2
What is the hundreds digit of 3236?
2
What is the thousands digit of 6101?
6
What is the units digit of 19405?
5
What is the hundreds digit of 10161?
1
What is the units digit of 2690?
0
What is the tens digit of 206?
0
What is the tens digit of 18835?
3
What is the hundreds digit of 800?
8
What is the units digit of 397?
7
What is the thousands digit of 18186?
8
What is the ten thousands digit of 62292?
6
What is the tens digit of 30813?
1
What is the thousands digit of 13250?
3
What is the tens digit of 30?
3
What is the units digit of 424?
4
What is the hundreds digit of 9896?
8
What is the ten thousands digit of 26915?
2
What is the units digit of 552?
2
What is the thousands digit of 2472?
2
What is the tens digit of 10654?
5
What is the tens digit of 488?
8
What is the units digit of 7149?
9
What is the thousands digit of 50485?
0
What is the units digit of 999?
9
What is the ten thousands digit of 34137?
3
What is the hundreds digit of 56366?
3
What is the tens digit of 79459?
5
What is the hundreds digit of 13542?
5
What is the thousands digit of 45716?
5
What is the thousands digit of 1545?
1
What is the thousands digit of 40712?
0
What is the units digit of 13?
3
What is the hundreds digit of 752?
7
What is the ten thousands digit of 14830?
1
What is the tens digit of 2516?
1
What is the thousands digit of 2816?
2
What is the tens digit of 323?
2
What is the units digit of 496?
6
What is the thousands digit of 12945?
2
What is the tens digit of 293?
9
What is the tens digit of 1632?
3
What is the thousands digit of 4631?
4
What is the hundreds digit of 1445?
4
What is the hundreds digit of 10377?
3
What is the tens digit of 119?
1
What is the hundreds digit of 3503?
5
What is the hundreds digit of 27244?
2
What is the units digit of 5048?
8
What is the units digit of 7580?
0
What is the units digit of 1238?
8
What is the tens digit of 293?
9
What is the tens digit of 26076?
7
What is the hundreds digit of 24092?
0
What is the thousands digit of 4478?
4
What is the units digit of 2058?
8
What is the tens digit of 926?
2
What is the tens digit of 548?
4
What is the units digit of 7679?
9
What is the units digit of 47226?
6
What is the tens digit of 142?
4
What is the tens digit of 76?
7
What is the units digit of 825?
5
What is the units digit of 10864?
4
What is the thousands digit of 31264?
1
What is the hundreds digit of 7978?
9
What is the hundreds digit of 132892?
8
What is the ten thousands digit of 27603?
2
What is the units digit of 146?
6
What is the ten thousands digit of 32223?
3
What is the hundreds digit of 609?
6
What is the thousands digit of 76078?
6
What is the units digit of 287?
7
What is the units digit of 3?
3
What is the thousands digit of 3350?
3
What is the hundreds digit of 118?
1
What is the tens digit of 2063?
6
What is the tens digit of 16057?
5
What is the units digit of 84037?
7
What is the tens digit of 20913?
1
What is the units digit of 690?
0
What is the tens digit of 16918?
1
What is the hundreds digit of 8394?
3
What is the hundreds digit of 189022?
0
What is the tens digit of 7893?
9
What is the units digit of 7745?
5
What is the tens digit of 68268?
6
What is the hundreds digit of 3891?
8
What is the thousands digit of 3897?
3
What is the tens digit of 1263?
6
What is the thousands digit of 10170?
0
What is the hundreds digit of 1616?
6
What is the thousands digit of 101292?
1
What is the tens digit of 1623?
2
What is the thousands digit of 4908?
4
What is the tens digit of 17593?
9
What is the ten thousands digit of 51992?
5
What is the thousands digit of 29178?
9
What is the ten thousands digit of 10243?
1
What is the thousands digit of 5132?
5
What is the tens digit of 23823?
2
What is the hundreds digit of 7742?
7
What is the ten thousands digit of 46421?
4
What is the hundreds digit of 504?
5
What is the thousands digit of 3374?
3
What is the tens digit of 10?
1
What is the tens digit of 58846?
4
What is the thousands digit of 8065?
8
What is the tens digit of 600?
0
What is the units digit of 5266?
6
What is the hundreds digit of 15877?
8
What is the tens digit of 8187?
8
What is the units digit of 37217?
7
What is the tens digit of 947?
4
What is the units digit of 2575?
5
What is the hundreds digit of 17415?
4
What is the hundreds digit of 1685?
6
What is the thousands digit of 8462?
8
What is the tens digit of 416?
1
What is the thousands digit of 47175?
7
What is the tens digit of 111